+ -1. Suppose -5*f - s = 9, 2*f + 20 = 4*x. Let i(l) = 5*l**2 + 4 - l**2 - l**3 + 0 - x*l. Calculate i(3).
1
Let u = -91 + 48. Let d = -31 - u. Let m be ((-4)/d)/((-2)/(-6)). Let x(b) = 11*b**2 + b. Give x(m).
10
Let n = 7 - 7. Let i(x) = -2 + x - 3*x**2 - x**3 + 2 + n - 1. Calculate i(-3).
-4
Let a = -5 + 8. Let v(f) = 2 - 5*f + f + a*f. Let o be (-4)/16 + (-7)/4. Calculate v(o).
4
Let b(z) be the second derivative of 1/6*z**3 + 6*z + 0 - 5/2*z**2. Calculate b(0).
-5
Let u(p) = 2*p + 6. Let g(m) = m**3 - 7*m**2 + 6*m + 4. Let l be g(6). Let j = l + -10. Give u(j).
-6
Let b(s) = -s**2 + 8*s. Let a be b(8). Let l(m) = -m + 3. Calculate l(a).
3
Let m be (-5)/(-2)*8/10. Let r(f) be the third derivative of -f**6/120 - f**5/60 + f**4/12 + f**3/6 + 14*f**2. What is r(m)?
-7
Suppose 4*a + 0*a = 4*v + 24, a = -v. Let o(y) = -y + a + 0*y - 2. Let p(x) = 2*x - 5. Let q be p(5). Give o(q).
-4
Let v(n) be the third derivative of -n**6/120 - n**5/60 - 5*n**3/6 + 18*n**2. What is v(0)?
-5
Let y(d) = d**3 - 9*d**2 - 5. Let n be y(9). Let h(s) = -3*s + 4. Let r(g) = 2*g - 4. Let a(v) = n*r(v) - 4*h(v). Calculate a(-3).
-2
Let k = -8 - -11. Let b(x) = -2*x - 1 - x**2 + x**3 + 2*x**k + 0*x**2 - 2*x**3. Suppose 0 = -2*s + 1 - 3. Determine b(s).
-1
Suppose -2*c - 41 = -4*m + 31, 82 = 4*m + 3*c. Let a(k) = -m*k**2 + 7*k**2 + 13*k**2 - 6*k - 4. Calculate a(6).
-4
Let p(a) = -a**3 + 5*a**2 - 4*a - 4. Suppose 4*k - 1 = 4*v + v, -3*k = -2*v - 6. Let w be p(k). Let u(b) = b**3 + 3*b**2 - 2*b + 2. Give u(w).
-6
Let g(z) = 3*z**3 + 42*z - 8 - 4*z**3 - 51*z - 7*z**2. What is g(-6)?
10
Let h(o) = 4*o**2. Let i be 2/(-4)*(17 + -15). Calculate h(i).
4
Let n(f) = f**3 - 6*f**2 + 6*f + 3. Let y = -58 - -63. Give n(y).
8
Suppose 7*d + 12 = -23. Let m(j) be the second derivative of -j**4/12 - j**3 - j**2/2 - j. Determine m(d).
4
Let g(n) = -n + 1. Let o be g(-2). Suppose -3*a + 9 = o*x, -2*x - 11 = -2*a - 5*x. Let u(f) = -19 + f**2 - 2*f + f + 17. What is u(a)?
4
Suppose -g - 10 = -3*l - 5*g, 5*l - g - 9 = 0. Let b(v) = l + 2*v**2 + 8*v - 2*v - v**2. Calculate b(-6).
2
Let q(u) = -u**2 + 22*u + 22. Let b be q(23). Let n(j) = 5*j + 1. Determine n(b).
-4
Let r = 164 - 155. Let s(k) = k**3 - 10*k**2 + 10*k - 3. What is s(r)?
6
Let r(i) be the second derivative of i**5/60 + 5*i**3/6 + 6*i. Let z(t) be the second derivative of r(t). What is z(-2)?
-4
Suppose 2*k - 20 = -k + y, -36 = -5*k + 3*y. Let r(i) = -i**2 + 9*i - 9. Determine r(k).
9
Let m = -23 + 24. Let i(z) be the second derivative of z**6/60 - z**5/120 + z**4/24 - z**3/6 + z. Let t(c) be the second derivative of i(c). Calculate t(m).
6
Suppose 3*y = -12, -2*y - 11 = -2*o + 1. Let g(i) = -2*i**2 + i**2 + 2*i + i + o*i**2 - 4. What is g(-3)?
-4
Let s(f) = -f**2 - 6*f + 4. Suppose 0 = 2*q - 7*q + 140. Suppose 0 = -5*v + 3 - q. Give s(v).
9
Let v(p) = -6*p**2 + 3*p**3 - 6*p + p**3 - 13 + 9 - 5*p**3. Give v(-4).
-12
Let c(r) be the third derivative of 0 - r**2 - 1/2*r**3 + 0*r + 1/12*r**4 - 1/60*r**5. Let n(o) be the first derivative of c(o). Determine n(-4).
10
Suppose 3*a - 32 - 4 = 0. Suppose 0 = 4*j + 5*s + 18, -3*j = 2*j + s + a. Let u(k) = -2*k**3 + 4*k + 3. What is u(j)?
11
Suppose -3*k + o = -1, 5*k - o + 2*o + 1 = 0. Let a(q) = -3*q**2 + 4*q**2 + 2 - 1. Calculate a(k).
1
Let l(y) = 6 - y**2 + 2 + 0 - 4. Calculate l(3).
-5
Let v(p) = -p**2 - p - 1. Let z(y) = -5*y**2 + 4*y + 2. Let k(c) = 4*v(c) - z(c). Let a be k(9). Let n(o) = -a - o - 2 + 4 + 0*o - o**2. Calculate n(-2).
-3
Let z(q) = -q**3 - 6*q**2 - 7*q - 1. Let v be (-3)/(21/(-12) + 1). Suppose -5*k = -0*k + 4*x + 13, -2*k - v*x + 2 = 0. Determine z(k).
9
Let u(k) = k + 3. Suppose -65 = -3*l - 65. Give u(l).
3
Let n(x) = -11*x + 1 + 0*x + 10*x. Let m(t) = -t**3 + 8*t**2 - 6*t - 10. Let f be m(7). Calculate n(f).
4
Let k(v) = -v**2 + v. Let u(x) = -2*x**2 + 3*x + 1 - 7*x**2 - 2*x**2. Let r(j) = -3*k(j) + u(j). What is r(-1)?
-7
Suppose -q + 11 = c - 3*c, 0 = -2*c - 3*q - 23. Let s = -11 - c. Let v(k) be the second derivative of -k**3/2 - 5*k**2/2 + 11*k. Determine v(s).
7
Let y(d) be the second derivative of -3*d**5/10 - d**4/12 - d**3/3 - d**2/2 + 6*d. Determine y(-1).
6
Let s = -6 - -11. Suppose -s*m = 0, -2*m = 3*z + m - 6. Let p(d) = -2*d**2 - d + 2. What is p(z)?
-8
Suppose 6 = 5*d + 2*b + 3, 4*d - 3*b = 7. Let j(o) = -8*o**2 - o + 1. Determine j(d).
-8
Let p = 3 - 4. Let a = 24 - 6. Let j be (a/(-24))/(p/(-4)). Let v(n) = -2*n - 2. Give v(j).
4
Let y(w) = w**2 - 7*w - 2. Let x be y(7). Let m = 2 + x. Let z(t) be the second derivative of -t**4/12 - t**3/6 - 5*t**2/2 + 4*t. Calculate z(m).
-5
Suppose 0 = 2*v - v - 2. Let m(p) = 0*p**2 + p**2 - v - 2*p**2 - 6*p. Let l = -9 - -5. What is m(l)?
6
Let s = 1 + -1. Suppose -q - 3*a + 2 = -3, s = 4*a - 4. Let b(t) be the second derivative of t**3/3 - 3*t**2/2 - t. Calculate b(q).
1
Let n(k) be the third derivative of k**8/20160 - k**7/1680 + k**6/240 - k**5/15 - 5*k**2. Let m(q) be the third derivative of n(q). Calculate m(2).
1
Let s(z) = -z - 2. Let v(r) = -r + 8. Let g be v(2). Calculate s(g).
-8
Let c(d) = -d + 1. Let i be ((-6)/(-4))/(36/48). Give c(i).
-1
Suppose -9*c = -4*c. Suppose 0*q = 5*h + q - 6, 3*h = -2*q - 2. Let w(f) = 3 + h*f + 4 - f. Give w(c).
7
Let f(y) = y**2 - 3*y - 2. Let v(z) = -3*z**2 + 3*z**3 + 1 + 47*z - 50*z - 2*z**3. Let p = -4 - -8. Let j be v(p). What is f(j)?
8
Suppose 5*v - 4*v + 33 = -4*p, -5*v - 21 = 4*p. Let i(d) = d + 9. Calculate i(p).
0
Suppose 0*v - 4*v = 28. Let n(p) = -p - 4. Let c(t) = 2*t + 11. Let y(o) = v*n(o) - 2*c(o). Let w(q) = q + 2. Let u be w(-6). Give y(u).
-6
Let j(s) = -2*s**2 - 5*s + 4. Suppose -4*o - 2*i + i + 25 = 0, 0 = -3*o + 5*i + 13. Suppose 2*l + o = -2*w, 2*w + 15 = -2*w - l. What is j(w)?
-8
Let l(s) be the first derivative of -s**3 - s**2 + s + 7. Suppose 4*i + 5*m + 16 = 0, i + 4*i + 3*m = -7. Give l(i).
-4
Let m(h) = h**2 + 6*h + 4. Let k(i) = -i**2 + 16*i - 19. Let y = -21 + 36. Let g be k(y). Give m(g).
-4
Let d(g) = -g - 7. Let i = -28 - -23. Calculate d(i).
-2
Let g(a) = -a + 12. Let k be g(0). Let n be (-2)/(-8) - (-33)/k. Let v(q) = -n + q**2 - q - 3*q - 3*q**2 + 6*q. Determine v(2).
-7
Let u(a) be the third derivative of a**6/120 + a**2. Let i(f) = -f**3 - f**2 - 4. Let x be i(0). Let d = 3 + x. Give u(d).
-1
Let o(j) = -j**3 + 2*j**2 + 3*j. Let g(u) = -2*u - 5. Let l be g(5). Let f be (l/(-10))/((-6)/8). Determine o(f).
10
Let h(g) = 3*g**3 + 2 - 3*g**3 + g**3 - 4 - 4*g**2 + 3*g. Let i be h(2). Let a(m) = 3*m - 1. Calculate a(i).
-13
Let s(v) = 5*v + v**2 + 2 - 3 + 3 - 4. Let g be s(-5). Let d(h) = 3*h + 3*h - h**2 - 3*h + 2. Give d(g).
-8
Let f(a) = 3*a + 38 - 18 - 22 - 2*a**2. What is f(2)?
-4
Let k = -4 + 1. Let v(p) = 2*p**2 + 4*p + 4. Let u(n) = 4 + 5*n**2 + 4*n - 1 - 2*n**2. Let f(i) = k*u(i) + 4*v(i). What is f(6)?
-5
Suppose 0 = -3*u - 2*a - 2, 11 = -5*u + 6*u + 3*a. Let r(x) = -x**3 - 3*x**2 + 5*x + 4. Calculate r(u).
0
Suppose 2*m + 2 = 6. Let i(p) = -p - 2. Let r be i(-3). Let w(z) = 2*z**2 - z + 1. Let l(t) = -t**2 - 1. Let d(c) = r*l(c) + w(c). What is d(m)?
2
Let f(j) = -22*j**2 + 1. Suppose -q - 4*u = 7, -5*u - 12 = -2. What is f(q)?
-21
Let j(y) = -y**3 + 6*y**2 + 8*y - 3. Let l(a) = 6*a**2 + 1. Let n be l(-1). Let o be j(n). Let f(b) = -b**2 + 5*b - 6. What is f(o)?
-2
Let c(r) = 3*r**2 - 4*r + 3. Let s be 2*(0 - 6/(-4)). Let y be 3*(-1)/(s/(-2)). Give c(y).
7
Let x(j) = j**2 - 5*j + 2. Let i(n) = n**3 + 9*n**2 + 7*n - 4. Let l be i(-8). What is x(l)?
-2
Let j(c) = -c**2 + 10. Let y(x) be the first derivative of x**3/3 - 7*x + 6. Let l(h) = -5*j(h) - 7*y(h). What is l(1)?
-3
Suppose v - 2*v - 1 = 2*c, -5*c - 35 = -4*v. Let q(y) = -8 - 2*y**3 + 3*y**3 - 6*y**2 + 5*y + 2. Give q(v).
-6
Let u(f) = -f**3 - 4*f**2 + 7*f + 6. Let o(i) = -4*i + 6*i + i**3 + 6*i**2 - 4 - 3. Let d be o(-5). Let h be 4/d*(1 + -11). Give u(h).
-4
Let u(x) be the second derivative of -1/12*x**4 + 0 - 4*x + 0*x**3 + 0*x**2. Determine u(2).
-4
Suppose 4*o = -4, -2*u + 2 - 4 = 4*o. Let n be (5 - u)*3/4. Let j(s) = -5*s**n + 5*s**3 + s**3. Calculate j(2).
8
Let w(v) = -7*v - 9*v**2 - v**3 - 2*v**2 - 3 + 4*v**2. Calculate w(-6).
3
Suppose -3*n - 8 = -5*n. Let h(g) = -7*g - 4 - g**2 - 3 + 5 - n. Give h(-4).
6
Let r = -15 - -7. Let h(k) = -7*k**3 + 12*k**2 -